{"id":5266,"date":"2021-12-10T10:35:36","date_gmt":"2021-12-10T10:35:36","guid":{"rendered":"https:\/\/concincopanes.com\/signos-comunidades-religiosas\/?post_type=product&#038;p=5266"},"modified":"2021-12-10T10:35:36","modified_gmt":"2021-12-10T10:35:36","slug":"que-es-la-vida-espiritual","status":"publish","type":"product","link":"https:\/\/concincopanes.com\/signos-comunidades-religiosas\/producto\/que-es-la-vida-espiritual\/","title":{"rendered":"Qu\u00e9 es la vida espiritual"},"content":{"rendered":"","protected":false},"excerpt":{"rendered":"<p>Una de las joyas de la espiritualidad rusa del siglo XIX, que con el tiempo se ha convertido en un verdadero manual para adentrarse en la vida espiritual y perseverar en ella. Las ochenta cartas que recoge esta obra se caracterizan por su finura psicol\u00f3gica y su luminosa hondura teol\u00f3gica. Cada una de ellas representa una etapa que el lector est\u00e1 invitado a recorrer. A trav\u00e9s de un lenguaje sencillo y preciso, Te\u00f3fanes aborda los diferentes temas como un experimentado maestro del esp\u00edritu que siente como suyos los problemas de la persona que le encomienda su vida. De ese modo, practica el dif\u00edcil arte de la paternidad espiritual. Tras casi dos siglos, estas cartas conservan toda la frescura y profundidad que brotan del Evangelio.<\/p>\n","protected":false},"featured_media":5267,"template":"","meta":{"_et_pb_use_builder":"","_et_pb_old_content":"","_et_gb_content_width":"","_joinchat":[]},"product_brand":[],"product_cat":[32,261],"product_tag":[],"class_list":{"0":"post-5266","1":"product","2":"type-product","3":"status-publish","4":"has-post-thumbnail","6":"product_cat-libros","7":"product_cat-novedades","9":"first","10":"instock","11":"sale","12":"taxable","13":"shipping-taxable","14":"purchasable","15":"product-type-simple"},"_links":{"self":[{"href":"https:\/\/concincopanes.com\/signos-comunidades-religiosas\/wp-json\/wp\/v2\/product\/5266","targetHints":{"allow":["GET"]}}],"collection":[{"href":"https:\/\/concincopanes.com\/signos-comunidades-religiosas\/wp-json\/wp\/v2\/product"}],"about":[{"href":"https:\/\/concincopanes.com\/signos-comunidades-religiosas\/wp-json\/wp\/v2\/types\/product"}],"wp:featuredmedia":[{"embeddable":true,"href":"https:\/\/concincopanes.com\/signos-comunidades-religiosas\/wp-json\/wp\/v2\/media\/5267"}],"wp:attachment":[{"href":"https:\/\/concincopanes.com\/signos-comunidades-religiosas\/wp-json\/wp\/v2\/media?parent=5266"}],"wp:term":[{"taxonomy":"product_brand","embeddable":true,"href":"https:\/\/concincopanes.com\/signos-comunidades-religiosas\/wp-json\/wp\/v2\/product_brand?post=5266"},{"taxonomy":"product_cat","embeddable":true,"href":"https:\/\/concincopanes.com\/signos-comunidades-religiosas\/wp-json\/wp\/v2\/product_cat?post=5266"},{"taxonomy":"product_tag","embeddable":true,"href":"https:\/\/concincopanes.com\/signos-comunidades-religiosas\/wp-json\/wp\/v2\/product_tag?post=5266"}],"curies":[{"name":"wp","href":"https:\/\/api.w.org\/{rel}","templated":true}]}}